{"id":366,"date":"2020-01-19T14:09:16","date_gmt":"2020-01-19T14:09:16","guid":{"rendered":"http:\/\/hausverwalter-duesseldorf.de\/?page_id=366"},"modified":"2026-01-30T13:56:32","modified_gmt":"2026-01-30T13:56:32","slug":"probezeit-und-geld-zurueck-garantie","status":"publish","type":"page","link":"https:\/\/hausverwalter-duesseldorf.de\/?page_id=366","title":{"rendered":"Zweij\u00e4hrige Probezeit"},"content":{"rendered":"\n<p>Ob die Chemie zwischen Verwaltung und WEG stimmt, erkennt man am besten im Laufe der Zeit.<\/p>\n\n\n\n<figure class=\"wp-block-image\"><img loading=\"lazy\" decoding=\"async\" width=\"1024\" height=\"683\" src=\"http:\/\/hausverwalter-duesseldorf.de\/wp-content\/uploads\/2020\/01\/MG_2288-1024x683.jpg\" alt=\"\" class=\"wp-image-316\" srcset=\"https:\/\/hausverwalter-duesseldorf.de\/wp-content\/uploads\/2020\/01\/MG_2288-1024x683.jpg 1024w, https:\/\/hausverwalter-duesseldorf.de\/wp-content\/uploads\/2020\/01\/MG_2288-300x200.jpg 300w, https:\/\/hausverwalter-duesseldorf.de\/wp-content\/uploads\/2020\/01\/MG_2288-768x512.jpg 768w\" sizes=\"(max-width: 706px) 89vw, (max-width: 767px) 82vw, 740px\" \/><figcaption class=\"wp-element-caption\">Foto: Stephan Walochnik<\/figcaption><\/figure>\n\n\n\n<p>Hausverwaltung und WEG arbeiten meistens f\u00fcr viele Jahre oder Jahrzehnte zusammen. Was spricht dagegen, eine Probezeit zu vereinbaren? <strong>Eine Probezeit<\/strong>, in der sowohl Hausverwalter als auch WEG sich innerhalb der <strong>ersten zwei Jahre<\/strong> (mit einer Frist von zwei Monaten) wieder trennen k\u00f6nnen?<\/p>\n\n\n\n<p>Gut, dass Sie danach fragen, denn unsere Verwaltervertr\u00e4ge enthalten diese Regelung. So ist sichergestellt, dass die WEG nicht vor der n\u00e4chsten Versammlung ohne Verwalter dasteht, aber auch, dass Sie nicht zwei Jahre warten m\u00fcssen, bevor Sie einen neuen Verwalter suchen k\u00f6nnen. Bisher hat aber noch nie ein Kunde von dieser Regelung Gebrauch gemacht.<\/p>\n\n\n\n<p><\/p>\n","protected":false},"excerpt":{"rendered":"<p>Ob die Chemie zwischen Verwaltung und WEG stimmt, erkennt man am besten im Laufe der Zeit. Hausverwaltung und WEG arbeiten meistens f\u00fcr viele Jahre oder Jahrzehnte zusammen. Was spricht dagegen, eine Probezeit zu vereinbaren? Eine Probezeit, in der sowohl Hausverwalter als auch WEG sich innerhalb der ersten zwei Jahre (mit einer Frist von zwei Monaten) &hellip; <\/p>\n<p class=\"link-more\"><a href=\"https:\/\/hausverwalter-duesseldorf.de\/?page_id=366\" class=\"more-link\"><span class=\"screen-reader-text\">\u201eZweij\u00e4hrige Probezeit\u201c<\/span> weiterlesen<\/a><\/p>\n","protected":false},"author":1,"featured_media":0,"parent":0,"menu_order":0,"comment_status":"closed","ping_status":"closed","template":"","meta":{"footnotes":""},"_links":{"self":[{"href":"https:\/\/hausverwalter-duesseldorf.de\/index.php?rest_route=\/wp\/v2\/pages\/366"}],"collection":[{"href":"https:\/\/hausverwalter-duesseldorf.de\/index.php?rest_route=\/wp\/v2\/pages"}],"about":[{"href":"https:\/\/hausverwalter-duesseldorf.de\/index.php?rest_route=\/wp\/v2\/types\/page"}],"author":[{"embeddable":true,"href":"https:\/\/hausverwalter-duesseldorf.de\/index.php?rest_route=\/wp\/v2\/users\/1"}],"replies":[{"embeddable":true,"href":"https:\/\/hausverwalter-duesseldorf.de\/index.php?rest_route=%2Fwp%2Fv2%2Fcomments&post=366"}],"version-history":[{"count":5,"href":"https:\/\/hausverwalter-duesseldorf.de\/index.php?rest_route=\/wp\/v2\/pages\/366\/revisions"}],"predecessor-version":[{"id":605,"href":"https:\/\/hausverwalter-duesseldorf.de\/index.php?rest_route=\/wp\/v2\/pages\/366\/revisions\/605"}],"wp:attachment":[{"href":"https:\/\/hausverwalter-duesseldorf.de\/index.php?rest_route=%2Fwp%2Fv2%2Fmedia&parent=366"}],"curies":[{"name":"wp","href":"https:\/\/api.w.org\/{rel}","templated":true}]}}